{"id":195,"date":"2025-06-26T13:24:59","date_gmt":"2025-06-26T13:24:59","guid":{"rendered":"https:\/\/xn--teaterrd-g0a.no\/?page_id=195"},"modified":"2025-11-19T20:52:07","modified_gmt":"2025-11-19T20:52:07","slug":"soke-stotte","status":"publish","type":"page","link":"https:\/\/xn--teaterrd-g0a.no\/index.php\/soke-stotte\/","title":{"rendered":"S\u00f8ke st\u00f8tte"},"content":{"rendered":"\n<p><strong>KULTURDIREKTORATET<\/strong><\/p>\n\n\n\n\n\n\n\n<p>Amat\u00f8rteateraktivitet i grupper: <a href=\"https:\/\/www.kulturdirektoratet.no\/web\/guest\/stotteordning\/-\/vis\/amatorteateraktivitet-i-grupper\">https:\/\/www.kulturdirektoratet.no\/web\/guest\/stotteordning\/-\/vis\/amatorteateraktivitet-i-grupper<\/a><\/p>\n\n\n\n<p>Driftstilskudd til frivillige organisasjoner for scenisk amat\u00f8rvirksomhet: <a href=\"https:\/\/www.kulturdirektoratet.no\/web\/guest\/stotteordning\/-\/vis\/driftstilskudd-amatorteater\">https:\/\/www.kulturdirektoratet.no\/web\/guest\/stotteordning\/-\/vis\/driftstilskudd-amatorteater<\/a><\/p>\n\n\n\n<p><strong>TILSKUDD.NO<\/strong><\/p>\n\n\n\n<p><strong><a href=\"https:\/\/tilskudd.lottstift.no\/\">Tillskudd.no<\/a><\/strong> gir en oversikt over statlige tilskudd til ideelle og frivillige organisasjoner.<\/p>\n\n\n\n<p><strong>CAVERIONFONDET<\/strong><\/p>\n\n\n\n<p>Fondet st\u00f8tter lokale tiltak og foreninger som bidrar med et positivt arbeid i lokalmilj\u00f8et<\/p>\n\n\n\n<p><a href=\"https:\/\/www.caverion.no\/baerekraft\/caverion-fondet\">https:\/\/www.caverion.no\/baerekraft\/caverion-fondet<\/a><\/p>\n\n\n\n<p><strong>SPAREBANKSTIFTELSEN MIDT NORGE<\/strong><\/p>\n\n\n\n<p><a href=\"https:\/\/www.sparebank1.no\/nb\/smn\/om-oss\/samfunnsutbytte\/sok-stotte.html\">Her<\/a>&nbsp;kan du s\u00f8ke st\u00f8tte til sm\u00e5 og store form\u00e5l fra Sparebank 1 Midt Norge, kalt samfunnsutbytte.<br><strong>NB: Sjekk for\u00f8vrig din lokale sparebank.<\/strong><\/p>\n\n\n\n<p><strong>EQUINOR<\/strong><\/p>\n\n\n\n<p><a href=\"https:\/\/www.lnu.no\/stotteordninger-hovedside\/baerekraftsstotta\/\">B\u00e6rekraftsst\u00f8tta<\/a>&nbsp;gir penger til b\u00e6rekraftsprosjekter i norske barne- og ungdomsorganisasjoner.<\/p>\n\n\n\n<p><strong>KULTURMINNEFONDET<\/strong><\/p>\n\n\n\n<p><a href=\"https:\/\/kulturminnefondet.no\/\">Kulturminnefondet<\/a> er en tilskuddsordning for bevaring av kulturminner og kulturmilj\u00f8er<\/p>\n\n\n\n<p><strong>LANDSR\u00c5DET FOR NORGES BARNE- OG UNGDOMSORGANISASJONER (LNU)<\/strong><\/p>\n\n\n\n<p><strong><a href=\"https:\/\/www.lnu.no\/stotteordninger-hovedside\/\">LNUs st\u00f8tteordninger<\/a> <\/strong>gir barne- og ungdomsorganisasjoner muligheten til \u00e5 gjennomf\u00f8re ulike prosjekter og aktiviteter.<\/p>\n\n\n\n<p><strong>SPAREBANKSTIFTELSEN DNB<\/strong><\/p>\n\n\n\n<p><a href=\"https:\/\/sparebankstiftelsen.no\/sok-stotte\/\">https:\/\/sparebankstiftelsen.no\/sok-stotte\/<\/a><\/p>\n\n\n\n<p><strong>FRIFOND<\/strong><\/p>\n\n\n\n<p><a href=\"http:\/\/www.frifond.no\/\">Frifond&nbsp;<\/a>gir penger til dere som vil lage musikkvideo til bandet, bygge en skaterampe, arrangere et cosplay-treff, eller noe annet kult der dere bor.<\/p>\n\n\n\n<p><strong>TRAFO<\/strong><\/p>\n\n\n\n<p><a href=\"https:\/\/trafo.no\/\">Trafo<\/a>&nbsp;gir inntil 10 000,- i pengest\u00f8tte til kreative og kunstneriske prosjekter. Dette er et tilbud til deg som er i gang med en ide, et prosjekt eller workshop som du \u00f8nsker \u00e5 utvikle og gjennomf\u00f8re.<\/p>\n\n\n\n\n\n\n\n\n\n<p><strong>KULTURROM<\/strong><\/p>\n\n\n\n<p><a href=\"https:\/\/kulturrom.no\/\"><strong>Kulturrom<\/strong><\/a>&nbsp;skal bidra til \u00f8vingslokaler og gode tekniske vilk\u00e5r for fremf\u00f8ring av musikk, dans og teater over hele landet<\/p>\n\n\n\n<p><strong>BALANSEKUNST<\/strong><\/p>\n\n\n\n<p><strong><a href=\"https:\/\/www.balansekunst.no\/nyheter\/n-er-balansepotten-2025-pen-for-sknadernbsp\">Balansekunst<\/a><\/strong>&nbsp;deler ut 1 500 000 kroner til prosjekter som bidrar til et mer likestilt og mangfoldig kulturliv.<\/p>\n\n\n\n<p><strong>FRITT ORD<\/strong><\/p>\n\n\n\n<p><a href=\"https:\/\/frittord.no\/nb\/sok-stotte\/hvordan-soke-prosjektstotte\"><strong>Fritt Ord<\/strong><\/a>&nbsp;deler ut st\u00f8tte til prosjekter som bidrar til \u00e5 fremme ytringsfrihet, offentlig debatt, kunst og kultur. Tiltakene som st\u00f8ttes skal komme allmenn\u00adheten til gode og v\u00e6re offentlig tilgjengelige.<\/p>\n\n\n\n<p><strong>GJENSIDIGESTIFTELSEN<\/strong><\/p>\n\n\n\n<p><strong><a href=\"https:\/\/www.gjensidigestiftelsen.no\/om-gjensidigestiftelsen\/utdelinger\/utlysninger\/\">Gjensidigestiftelsen<\/a><\/strong>&nbsp;jobber med ulike st\u00f8tteordninger, og hva som skal til for at ditt prosjekt eller planer om tiltak kan kvalifisere til \u00e5 motta st\u00f8tte.<\/p>\n\n\n\n\n\n\n\n<p><strong>Spelh\u00e5ndboka <\/strong>har en god oversikt over steder \u00e5 s\u00f8ke:<\/p>\n\n\n\n<p><a href=\"https:\/\/spelhandboka.no\/finansiering-stotte\/\">https:\/\/spelhandboka.no\/finansiering-stotte\/<\/a><\/p>\n","protected":false},"excerpt":{"rendered":"<p>KULTURDIREKTORATET Spelh\u00e5ndboka har en god oversikt over steder \u00e5 s\u00f8ke: https:\/\/spelhandboka.no\/finansiering-stotte\/<\/p>\n","protected":false},"author":1,"featured_media":89,"parent":0,"menu_order":0,"comment_status":"closed","ping_status":"closed","template":"","meta":{"pagelayer_contact_templates":[],"_pagelayer_content":"","_themeisle_gutenberg_block_has_review":false,"footnotes":""},"class_list":["post-195","page","type-page","status-publish","has-post-thumbnail","hentry"],"_links":{"self":[{"href":"https:\/\/xn--teaterrd-g0a.no\/index.php\/wp-json\/wp\/v2\/pages\/195","targetHints":{"allow":["GET"]}}],"collection":[{"href":"https:\/\/xn--teaterrd-g0a.no\/index.php\/wp-json\/wp\/v2\/pages"}],"about":[{"href":"https:\/\/xn--teaterrd-g0a.no\/index.php\/wp-json\/wp\/v2\/types\/page"}],"author":[{"embeddable":true,"href":"https:\/\/xn--teaterrd-g0a.no\/index.php\/wp-json\/wp\/v2\/users\/1"}],"replies":[{"embeddable":true,"href":"https:\/\/xn--teaterrd-g0a.no\/index.php\/wp-json\/wp\/v2\/comments?post=195"}],"version-history":[{"count":15,"href":"https:\/\/xn--teaterrd-g0a.no\/index.php\/wp-json\/wp\/v2\/pages\/195\/revisions"}],"predecessor-version":[{"id":504,"href":"https:\/\/xn--teaterrd-g0a.no\/index.php\/wp-json\/wp\/v2\/pages\/195\/revisions\/504"}],"wp:featuredmedia":[{"embeddable":true,"href":"https:\/\/xn--teaterrd-g0a.no\/index.php\/wp-json\/wp\/v2\/media\/89"}],"wp:attachment":[{"href":"https:\/\/xn--teaterrd-g0a.no\/index.php\/wp-json\/wp\/v2\/media?parent=195"}],"curies":[{"name":"wp","href":"https:\/\/api.w.org\/{rel}","templated":true}]}}